 of 108513 and 459?
27
What is the greatest common factor of 567435 and 1320?
165
Calculate the greatest common factor of 5203 and 3483.
43
What is the highest common factor of 7 and 53501?
7
What is the highest common divisor of 2385 and 846?
9
What is the greatest common divisor of 828083 and 797?
797
Calculate the greatest common factor of 1023 and 93.
93
What is the highest common divisor of 569259 and 342?
171
Calculate the highest common factor of 18 and 87489.
9
What is the greatest common factor of 250 and 299625?
125
What is the greatest common divisor of 180 and 5835?
15
Calculate the highest common factor of 64 and 449056.
32
Calculate the greatest common factor of 8 and 210716.
4
Calculate the highest common divisor of 247243 and 866.
433
Calculate the highest common divisor of 428 and 347108.
428
What is the highest common divisor of 65 and 3497?
13
What is the highest common factor of 1064770 and 848?
106
Calculate the greatest common factor of 74 and 2405.
37
Calculate the greatest common divisor of 126 and 201782.
14
What is the highest common divisor of 1009 and 127?
1
Calculate the greatest common divisor of 354141 and 872.
109
Calculate the greatest common factor of 3431 and 376.
47
What is the highest common divisor of 9050 and 475?
25
Calculate the greatest common divisor of 18855 and 5235.
15
Calculate the highest common divisor of 50440 and 195.
65
What is the highest common factor of 3003 and 14469?
273
Calculate the greatest common factor of 161658 and 18.
18
What is the greatest common factor of 107587 and 271?
271
Calculate the greatest common divisor of 208 and 5226.
26
What is the highest common factor of 712 and 580903?
89
What is the highest common factor of 96031 and 117?
13
Calculate the greatest common divisor of 3874 and 546.
26
What is the highest common divisor of 42 and 43323?
21
What is the greatest common factor of 996 and 359556?
996
What is the greatest common factor of 6804 and 294?
42
Calculate the greatest common factor of 2216 and 1957836.
1108
What is the highest common factor of 35385 and 337?
337
Calculate the highest common divisor of 6790 and 169265.
485
What is the highest common divisor of 174 and 220236?
6
Calculate the highest common divisor of 1761487 and 2366.
1183
What is the highest common factor of 2727 and 8080?
101
What is the highest common divisor of 208 and 5434?
26
What is the highest common factor of 27 and 745785?
9
Calculate the greatest common divisor of 45 and 8380.
5
Calculate the greatest common factor of 505 and 77366.
101
What is the greatest common divisor of 20 and 34570?
10
Calculate the highest common factor of 8428 and 644.
28
What is the highest common factor of 605 and 299959?
121
What is the greatest common divisor of 19 and 493962?
19
Calculate the greatest common divisor of 751 and 766771.
751
Calculate the highest common factor of 31734 and 18.
18
Calculate the highest common divisor of 10199 and 9331.
217
What is the highest common divisor of 3626 and 126?
14
Calculate the highest common factor of 156 and 16329.
3
What is the highest common divisor of 7896 and 3065622?
1974
Calculate the highest common divisor of 153 and 1335843.
153
Calculate the greatest common divisor of 91769 and 13512.
563
What is the greatest common factor of 8 and 90908?
4
What is the highest common divisor of 77478 and 629?
37
What is the highest common factor of 1143 and 884428?
127
Calculate the highest common factor of 213896 and 192.
8
What is the greatest common divisor of 4768 and 18178?
298
Calculate the greatest common factor of 3850 and 59400.
550
What is the highest common divisor of 80 and 862176?
16
Calculate the greatest common factor of 26245 and 11584.
181
Calculate the greatest common divisor of 88 and 17677.
11
What is the highest common factor of 379335 and 1083?
57
Calculate the highest common factor of 42 and 2408966.
14
What is the highest common divisor of 122860 and 40?
20
What is the greatest common factor of 30 and 18190?
10
Calculate the greatest common divisor of 459266 and 1108.
554
Calculate the highest common divisor of 6981 and 4966.
13
What is the greatest common factor of 414540 and 1128?
564
What is the greatest common factor of 4191789 and 1918?
959
What is the greatest common factor of 3602 and 24?
2
What is the greatest common factor of 70 and 1864590?
70
What is the greatest common divisor of 4827232 and 24?
8
Calculate the highest common factor of 8420747 and 31.
31
What is the greatest common divisor of 6792 and 381201?
849
What is the greatest common factor of 611 and 279227?
611
What is the highest common divisor of 1080 and 6795?
45
Calculate the greatest common factor of 29933 and 111.
37
Calculate the greatest common factor of 209057 and 2052.
19
What is the greatest common factor of 1006595 and 230?
115
What is the greatest common factor of 130382 and 834?
278
What is the greatest common divisor of 483 and 16149?
21
What is the greatest common divisor of 113316 and 323?
19
Calculate the greatest common factor of 4004 and 4340.
28
What is the highest common factor of 1611 and 244156?
179
What is the greatest common factor of 51231 and 12?
3
Calculate the highest common divisor of 366 and 33918.
6
Calculate the highest common divisor of 187 and 1105621.
11
Calculate the highest common factor of 15345 and 8730.
45
What is the greatest common divisor of 198 and 56043?
9
Calculate the highest common factor of 1841385 and 195.
195
Calculate the greatest common divisor of 327415 and 110.
55
What is the greatest common divisor of 688348 and 74?
74
Calculate the greatest common factor of 3033 and 3370.
337
Calculate the greatest common factor of 23829 and 282.
141
Calculate the greatest common factor of 480244 and 71.
71
What is the greatest common factor of 767 and 1354522?
767
Calculate the greatest common divisor of 18665 and 40.
5
What is the highest common factor of 2753133 and 37?
37
Calculate the greatest common factor of 646 and 446538.
38
What is the highest common divisor of 1764 and 139797?
441
Calculate the highest common divisor of 363 and 5874.
33
Calculate the greatest common factor of 4014959 and 1079.
1079
Calculate the greatest common divisor of 1103691 and 1292.
323
Calculate the greatest common factor of 56 and 2219.
7
What is the greatest common divisor of 300 and 63100?
100
What is the highest common factor of 20 and 4958280?
20
Calculate the greatest common divisor of 399202 and 2.
2
Calculate the greatest common factor of 19749 and 2610.
87
What is the highest common factor of 323 and 16881?
17
What is the greatest common factor of 23 and 1528?
1
What is the highest common divisor of 1456 and 637?
91
What is the highest common factor of 4628 and 64436?
356
Calculate the greatest common factor of 248 and 4070672.
248
Calculate the greatest common divisor of 15384 and 216.
24
Calculate the highest common factor of 1610 and 455.
35
Calculate the greatest common factor of 210 and 35007.
21
What is the highest common factor of 5817 and 6925?
277
What is the greatest common factor of 8275 and 2075?
25
What is the highest common divisor of 47213 and 62?
31
What is the highest common factor of 24 and 67845?
3
What is the highest common factor of 295849 and 2185?
437
Calculate the greatest common factor of 10640 and 334320.
560
Calculate the greatest common divisor of 23256 and 2358.
18
What is the highest common divisor of 8346 and 188106?
642
What is the greatest common divisor of 4272 and 26967?
267
What is the greatest common factor of 40896 and 25920?
576
Calculate the highest common divisor of 45 and 785.
5
What is the greatest common divisor of 104575 and 92825?
1175
Calculate the greatest common divisor of 15230 and 920.
10
Calculate the highest common factor of 45 and 32463.
9
Calculate the greatest common divisor of 5904 and 140.
4
Calculate the highest common factor of 92766 and 18.
6
Calculate the greatest common divisor of 26 and 513214.
26
Calculate the greatest common factor of 16215 and 1380.
345
Calculate the highest common factor of 221 and 1155804.
13
What is the greatest common divisor of 165 and 169224?
33
What is the highest common factor of 77 and 85855?
77
Calculate the highest common factor of 2008 and 